le of 193?
True
Is 18 a factor of 15948?
True
Is 90288 a multiple of 297?
True
Is 78 a factor of 1369?
False
Is 10502 a multiple of 45?
False
Is 3631 a multiple of 22?
False
Is 7482 a multiple of 13?
False
Is 93 a factor of 1023?
True
Is 38 a factor of 826?
False
Is 5310 a multiple of 90?
True
Does 66 divide 8775?
False
Does 29 divide 2449?
False
Does 72 divide 1622?
False
Is 25 a factor of 5150?
True
Does 63 divide 23960?
False
Is 17 a factor of 385?
False
Is 14 a factor of 1465?
False
Does 53 divide 4346?
True
Does 19 divide 646?
True
Is 22 a factor of 8360?
True
Is 35 a factor of 712?
False
Is 276 a factor of 86112?
True
Is 7280 a multiple of 14?
True
Is 3960 a multiple of 15?
True
Does 2 divide 5600?
True
Is 147 a factor of 5118?
False
Is 28762 a multiple of 19?
False
Is 150 a multiple of 10?
True
Is 143 a factor of 8879?
False
Is 7196 a multiple of 160?
False
Does 9 divide 23382?
True
Does 25 divide 11347?
False
Does 130 divide 14484?
False
Is 10 a factor of 170?
True
Does 62 divide 1426?
True
Is 157 even?
False
Is 22 a factor of 34826?
True
Is 14 a factor of 244?
False
Is 122 a factor of 9486?
False
Does 179 divide 50971?
False
Is 129 a factor of 10062?
True
Does 158 divide 82338?
False
Is 85 a factor of 5780?
True
Is 3667 a multiple of 10?
False
Does 447 divide 68391?
True
Is 6 a factor of 246?
True
Does 77 divide 1078?
True
Is 5962 a multiple of 22?
True
Is 3936 a multiple of 24?
True
Is 161 a factor of 15690?
False
Does 49 divide 3062?
False
Does 138 divide 94683?
False
Is 1725 a multiple of 51?
False
Does 363 divide 99154?
False
Is 238 a multiple of 7?
True
Is 201 a factor of 454?
False
Does 17 divide 114?
False
Is 2090 a multiple of 55?
True
Does 14 divide 1008?
True
Does 9 divide 64?
False
Is 14 a factor of 26180?
True
Is 32 a factor of 4000?
True
Is 2293 even?
False
Does 113 divide 7232?
True
Does 17 divide 4318?
True
Is 591 a multiple of 30?
False
Does 53 divide 4028?
True
Is 870 a multiple of 15?
True
Is 4497 a multiple of 4?
False
Does 25 divide 3975?
True
Does 11 divide 4081?
True
Does 132 divide 28512?
True
Is 3464 a multiple of 22?
False
Is 3560 a multiple of 8?
True
Is 144 a multiple of 12?
True
Is 200 a multiple of 5?
True
Is 239 a multiple of 23?
False
Does 8 divide 10149?
False
Does 21 divide 192?
False
Is 22067 a multiple of 26?
False
Is 41 a factor of 36309?
False
Is 4623 a multiple of 67?
True
Is 931 a multiple of 9?
False
Is 148 even?
True
Is 14 a factor of 756?
True
Does 6 divide 175?
False
Is 14 a factor of 59192?
True
Does 77 divide 4620?
True
Is 4 a factor of 428?
True
Is 6 a factor of 588?
True
Is 9992 a multiple of 50?
False
Does 43 divide 2494?
True
Is 1572 a multiple of 14?
False
Is 42 a factor of 17010?
True
Is 63 a factor of 21672?
True
Is 2714 a multiple of 109?
False
Is 8280 a multiple of 12?
True
Does 6 divide 11988?
True
Does 8 divide 61120?
True
Is 3 a factor of 972?
True
Does 62 divide 257?
False
Is 44 a factor of 30330?
False
Is 27 a factor of 1026?
True
Is 11 a factor of 1655?
False
Does 203 divide 18423?
False
Does 39 divide 7197?
False
Does 21 divide 803?
False
Is 9212 a multiple of 9?
False
Is 21 a factor of 24255?
True
Does 74 divide 3996?
True
Does 3 divide 2236?
False
Is 288 a multiple of 24?
True
Does 7 divide 4844?
True
Is 17 a factor of 64?
False
Is 14 a factor of 262?
False
Is 2190 a multiple of 30?
True
Is 25 a factor of 8550?
True
Does 9 divide 937?
False
Is 2375 a multiple of 5?
True
Is 1312 a multiple of 6?
False
Does 8 divide 26012?
False
Is 4298 a multiple of 8?
False
Is 403 a multiple of 13?
True
Is 6 a factor of 1575?
False
Is 10 a factor of 510?
True
Is 39 a factor of 48188?
False
Does 21 divide 215?
False
Does 49 divide 1163?
False
Is 17 a factor of 3257?
False
Is 942 a multiple of 36?
False
Is 750 a multiple of 3?
True
Does 12 divide 1493?
False
Is 8340 a multiple of 38?
False
Is 6 a factor of 633?
False
Does 18 divide 7862?
False
Does 8 divide 9151?
False
Does 4 divide 2944?
True
Is 675 a multiple of 17?
False
Does 14 divide 17850?
True
Does 6 divide 1588?
False
Does 23 divide 3342?
False
Is 108 a factor of 4936?
False
Is 2 a factor of 457?
False
Does 74 divide 1110?
True
Does 36 divide 3029?
False
Is 37 a factor of 3145?
True
Is 57081 a multiple of 351?
False
Is 35447 a multiple of 31?
False
Does 18 divide 532?
False
Is 120 a multiple of 8?
True
Is 12342 a multiple of 80?
False
Does 47 divide 46906?
True
Is 6288 a multiple of 24?
True
Does 8 divide 36?
False
Does 33 divide 15863?
False
Does 251 divide 6025?
False
Is 59855 a multiple of 18?
False
Is 152 a multiple of 8?
True
Does 12 divide 42624?
True
Does 25 divide 483?
False
Is 16102 a multiple of 19?
False
Is 13 a factor of 4654?
True
Does 13 divide 4914?
True
Is 17 a factor of 653?
False
Does 28 divide 19124?
True
Is 4 a factor of 14840?
True
Is 3 a factor of 1192?
False
Does 16 divide 5545?
False
Is 2051 a multiple of 16?
False
Does 94 divide 57810?
True
Is 24 a factor of 1008?
True
Is 17 a factor of 3621?
True
Does 100 divide 5300?
True
Is 1943 a multiple of 3?
False
Is 560 a multiple of 41?
False
Is 41 a factor of 264?
False
Is 321 a multiple of 13?
False
Is 16 a factor of 1437?
False
Does 147 divide 107612?
False
Is 16 a factor of 467?
False
Is 3 a factor of 51?
True
Does 129 divide 8696?
False
Does 6 divide 81?
False
Is 1798 a multiple of 31?
True
Is 3 a factor of 7960?
False
Does 28 divide 807?
False
Is 168 a factor of 8568?
True
Is 22747 a multiple of 11?
False
Is 1065 a multiple of 7?
False
Does 77 divide 40682?
False
Is 484 a multiple of 22?
True
Is 600 a multiple of 20?
True
Does 67 divide 2814?
True
Is 11 a factor of 187?
True
Is 79 a factor of 20553?
False
Is 10271 a multiple of 52?
False
Is 12 a factor of 216?
True
Does 90 divide 1710?
True
Is 11 a factor of 32274?
True
Is 48 a factor of 42889?
False
Does 18 divide 65592?
True
Does 6 divide 504?
True
Does 40 divide 1480?
True
Is 16 a factor of 720?
True
Is 1728 a multiple of 12?
True
Does 90 divide 26460?
True
Does 154 divide 14014?
True
Does 60 divide 120?
True
Does 13 divide 5304?
True
Is 192 a multiple of 3?
True
Is 53 a factor of 512?
False
Does 92 divide 92?
True
Is 44 a factor of 722?
False
Is 37635 a multiple of 193?
True
Is 7605 a multiple of 117?
True
Does 5 divide 720?
True
Is 31413 a multiple of 14?
False
Is 76 a factor of 3116?
True
Is 2340 a multiple of 15?
True
Does 34 divide 3434?
True
Does 29 divide 352?
False
Does 36 divide 4788?
True
Is 18 a factor of 2520?
True
Is 54 a multiple of 33?
False
Is 75 a factor of 3825?
True
Is 1560 a multiple of 65?
True
Is 8214 a multiple of 3?
True
Does 12 divide 3612?
True
Does 2 divide 1481?
False
Does 5 divide 699?
False
Does 3 divide 1094?
False
Does 61 divide 2440?
True
Is 50 a factor of 1950?
True
Is 25378 a multiple of 97?
False
Does 28 divide 2044?
True
Is 1830 a multiple of 72?
False
Does 41 divide 22263?
True
Is 465 a multiple of 11?
False
Does 10 divide 12368?
False
Is 612 a multiple of 17?
True
Is 17 a factor of 1088?
True
Is 12420 a multiple of 108?
True
Does 122 divide 12810?
True
Is 17 a factor of 642?
False
Is 37411 a multiple of 19?
True
Does 46 divide 87473?
False
Is 67 a factor of 3068?
False
Does 60 divide 995?
False
Does 38 divide 2068?
False
Does 5 divide 1575?
True
Is 5535 a multiple of 15?
True
Is 464 a multiple of 16?
True
Does 20 divide 3940?
True
Is 1260 a multiple of 70?
True
Is 14256 a multiple of 99?
True
Is 789 a multiple of 7?
False
Is 13 a factor of 286?
True
Is 3 a factor of 369?
True
Does 15 divide 9525?
True
Does 62 divide 5994?
False
Is 911 a multiple of 10?
False
Is 2 a factor of 3953?
False
Does 86 divide 68198?
True
Is 7 a factor of 329?
True
Is 132 a factor of 1243?
False
Is 13580 a multiple of 124?
False
Is 7 a factor of 623?
True
Is 14 a factor of 1167?
False
Is 432 a multiple of 24?
True
Does 105 divide 155?
False
Is 315 a multiple of 9?
True
Does 176 divide 8800?
True
Does 62 divide 2232?
True
Is 280 a multiple of 28?
True
Is 113 a factor of 11048?
False
Is 3 a factor of 4?
False
Does 27 divide 18694?
False
Does 5 divide 5972?
False
Does 10 divide 800?
True
Does 18 divide 33646?
False
Is 13121 a multiple of 48?
False
Is 3 a factor of 2646?
True
Does 63 divide 14994?
True
Does 166 divide 67807?
False
Is 9 a factor of 257?
False
Is 161 a multiple of 7?
True
Does 83